4 + 0 + -170 + 201?
20
Evaluate 13 - (-8 - (-3 - 14)).
4
What is the value of (16 - -3 - 5) + 0 + -4?
10
What is 9 - (-6 + 14 + -24)?
25
What is -2 - 9 - (19 + -34) - (14 - 3)?
-7
Evaluate (18 - -6) + (-13 - (-22 + 5)).
28
What is 62 + -57 + -5 + -16 + -1?
-17
What is the value of (12 - (5 - 10)) + -19?
-2
-5 + (20 - (-3 + (14 - 7)))
11
What is the value of -2 + 17 - (-7 - -4 - 7)?
25
What is -9 + 17 + -9 + 34?
33
Calculate -3 + -24 - (-28 - -20).
-19
-9 - (4 + -12) - (6 + -8 + 9)
-8
Calculate (-7 - -24 - 10) + (51 - 32).
26
What is the value of -8 - (22 + 1 + -14)?
-17
Evaluate (-7 - (4 + -9)) + 18.
16
(-19 - (-39 + 10)) + 2 + -43
-31
What is the value of (-19 - 10) + 27 - 0?
-2
2 + -10 + -1 + 2 - (169 - 171)
-5
What is the value of (2 - -19) + (-124 - -114)?
11
What is the value of 11 - (22 + -6 - 10) - -9?
14
What is the value of -18 + 5 + -9 + 8 + 2?
-12
(10 - (-59 + 47 + (33 - 2))) + -23
-32
What is 0 - (1 - 2) - (222 - 207)?
-14
What is the value of (3 - -1) + (2 + (0 - -9) - 2)?
13
What is 10 + 8 + (4 - 11) + 7?
18
Calculate 13 + (1 - 5) + 7 + 0 + -10.
6
6 - (6 + (0 - 22) + 9)
13
Evaluate -3 - (19 + (8 - 11) + -2).
-17
What is the value of (-29 - (-1 - 14)) + 0 + -8?
-22
Evaluate (-15 - -13) + -2 + 15 + -6 + -29.
-24
Evaluate -29 + 23 - ((1 - -2) + (8 - 5)).
-12
Calculate 15 + (3 - (6 + -12) - 3).
21
Evaluate -5 - 1 - (-21 + (-21 - -31)).
5
What is -11 + 32 + 0 + -36 + 26?
11
What is the value of (16 - 21 - (-1 - (-4 - -13))) + -31?
-26
What is the value of (53 + -3 - 32) + (-7 - (-3 - -7))?
7
Evaluate -4 - -16 - (-52 - -56).
8
(-8 - 4) + 4 + (-2 - -6)
-4
Evaluate (136 - 131) + (1 - -3 - -3).
12
Calculate (73 + -67 - (-4 - (1 + -16))) + -5.
-10
Evaluate 409 + -379 + -2 + 2.
30
Calculate 3 + -1 + 184 + -199.
-13
What is the value of (28 - 21) + 3 + -7?
3
What is ((7 - -2) + -10 - (-6 - 0)) + -12?
-7
What is -7 - (4 + -45 + 4 - (2 + -6))?
26
What is the value of -16 + 25 + -42 + 0 + 11?
-22
Calculate 6 + (-4 - (-17 - -22)).
-3
Evaluate -3 + 45 - (-8 + (-16 - -37)).
29
2 + 1 + -9 + (61 - 68)
-13
Evaluate 11 - (-37 - -17 - -26).
5
What is -16 - (19 + -15 - (-1 - -2))?
-19
Calculate 9 - (20 + (-13 - -4 - (-11 + 1))).
-12
Calculate -13 - (0 - -2 - (-56 - -67)).
-4
(25 - 18) + 47 - 31
23
-1 + -2 - (-3 - 3) - (4 - 8)
7
What is 3 + -2 - (-43 + 51) - 7?
-14
What is 14 + 9 + 17 - 24?
16
What is the value of (-4 + 3 + 5 - 7) + -4?
-7
Calculate 11 + -3 + (-5 - -5) + 4 + 0.
12
Calculate 3 + 1 - (3 + (-2 - 6)).
9
What is -1 + (1 - 5) - (-3 + 9)?
-11
Evaluate 6 - (8 + -17 - -23 - 6).
-2
What is -4 + -3 - -4 - (-12 - -19)?
-10
Evaluate -1 + (14 - 13) + 16.
16
What is 1 + -38 - (-400 - -366)?
-3
What is the value of (-4 - (-2 - 2)) + 12?
12
Evaluate (4 - 1) + 738 + -731.
10
What is -14 + 6 + 6 + 1?
-1
What is the value of -2 + -4 - (-4 - (3 - 7)) - 5?
-11
What is the value of 8 - (0 - 27 - -19)?
16
Calculate 16 + -12 - (-6 - (0 + -4)).
6
What is the value of 21 + 3 + 0 + -5 + (4 - 10)?
13
Evaluate 28 + (-38 - (-5 + -14)) - (2 - 0).
7
What is the value of (-31 - -1) + -428 + 473?
15
What is -12 + 6 + (4 - 10)?
-12
Calculate -259 + 259 + 13 + 1.
14
What is -13 + 23 - 19 - (13 + (0 - 5))?
-17
What is the value of -10 - -5 - (-3 + (3 + 1 - 6))?
0
Calculate 23 + 1 + 16 + 1 + (-52 - -40).
29
Calculate -51 + 21 + 1 + 37.
8
Calculate (-12 - -9 - -7) + -8 - (-9 + -1).
6
0 + (10 - (-11 + (11 - 1)) - -2)
13
What is the value of 2 + (-2 - 8) - (210 - 235)?
17
Calculate -14 - (-11 + 4) - (-1 + -2).
-4
17 + -33 + 9 - 19
-26
Evaluate 15 - (13 + -1 + 2 + -77 + 67).
11
What is -3 + (9 + -10 - (1 - -1))?
-6
What is 0 + -19 + (20 - 36) + 29?
-6
Calculate (-1 - 17 - -1) + (-4761 - -4776).
-2
Calculate -2 + 0 - (-33 - -26).
5
Evaluate (-128 - -95 - ((4 - 0) + 3)) + 7.
-33
-27 + 9 - -23 - -6
11
What is the value of 5 - (-17 + -5 + 10 + (0 - -6))?
11
What is (-2 - 2 - 1) + (10 - -7)?
12
(-5 + 9 - -8) + (-9 + 6 - -9)
18
(28 + -40 - -9) + 25
22
What is 3 - (19 + 17 + -6)?
-27
Calculate -283 - -291 - (-1 - (-2 - 0 - 3)).
4
-3 - ((16 - (-7 - -11)) + 6 + 1)
-22
5 - (3 - 1 - (26 - 26))
3
What is the value of 15 + (-1 - -18) + -7 + -13?
12
What is 69 + -69 - (3 + 11)?
-14
11 + 27 + (-16 - -14)
36
(-21 - (20 - 33)) + -3
-11
Calculate (-3 - -5) + 42 + -62 + -19.
-37
Calculate -7 + (5 - (21 - 11) - 1).
-13
What is (10 - (18 - 8)) + (21 - 4)?
17
Calculate 4 - -5 - (56 + -52).
5
What is 18 + (-6 - -14 - 10 - 4)?
12
What is the value of (0 + 5 + -17 - 0) + -5?
-17
Calculate 1 + -9 - (-363 - -361).
-6
What is the value of 1 - 8 - (-39 + 17 + 11)?
4
(-3 - -16) + -71 + -37 + 80
-15
6 + -3 + -8 - (-7 + -4) - -3
9
What is 32 + (-20 - (45 + -33))?
0
Evaluate 284 - 276 - (24 - 2).
-14
What is the value of -1 + (0 - 0 - -21) + 205 + -216?
9
Calculate 38 + -10 - 48 - 0.
-20
Evaluate 6 + 7 + -33 + 32.
12
What is (-3 - (-2 - (-1 - -5))) + (-1 - 20)?
-18
29 - (-38 + 21 - -37)
9
What is the value of -11 + (9 - -5) + (-1 - -1)?
3
What is the value of -7 + (2 - (6 - (0 + 8)))?
-3
Calculate (-40 - -63 - 52) + 51.
22
Evaluate 0 + 1 + -1 - (-1 + 3) - -7.
5
-2 + 4 - (-12 + 29 + -23)
8
Evaluate -7 - 0 - (119 + -118).
-8
What is -2 + -18 + 26 - (0 - 2)?
8
What is 0 + (4 + -5 - (-6 - -2))?
3
-2 + 5 + -12 + 1 + 6 - -5
3
Evaluate 1 - (30 + (21 - 42)).
-8
What is the value of -5 + (-3 + -7 - 2) - 2?
-19
Calculate (1 - 5) + 5 + 4 + -10 + -6.
-11
What is 200 + -188 + (0 - -3 - 20)?
-5
What is -25 - (-60 - (18 - 42))?
11
(-17 - -2) + (16 - (17 - -5))
-21
What is -1 - (10 + -1) - (-51 - -38)?
3
Calculate 2 - 1 - (10 + -3 + -15 - -12).
-3
What is the value of (3 - ((-5 - 2) + -3)) + -31?
-18
Calculate 6 - (-7 + (6 - (-5 + -2)) + 2).
-2
14 + -1 + 2 - (-26 - -35)
6
Evaluate (2 - 0) + -27 + 21 + -5 - -7.
-2
Calculate 42 + -29 + -2 + -6.
5
Calculate -5 + -5 + -1 - -7.
-4
Calculate (17 - 8) + 3 - -1 - (-1 - -3).
11
0 - (-11 + (-1 - -8) + (1 - 3))
6
Evaluate 7 - (28 + -12 + -17).
8
Evaluate -6 + 1 + (0 - 0 - (-22 + 23)).
-6
-2 + -4 - (40 - 30) - (9 + 0)
-25
Calculate 8 - (-11 + (17 - 4)).
6
Calculate -16 - (-4 + -14 - 30).
32
What is -1 + 7 + -36 + 30?
0
What is the value of 65 + -4 + (-14 - 1) - 15?
31
What is the value of 12 + (-10 + -22 - -14)?
-6
Calculate -465 + 475 + 0 + -12 + 0 + 1.
-1
What is -8 + 0 + (-3 - (-10 + 0)) + -5?
-6
(10 - 25 - -2) + -15
-28
What is the value of -9 + (7 + -34 - -1) + 7?
-28
(16 - 4) + 10 + -21 + 7
8
What is the value of -4 + 2 + 3 - (1 + (-12 - -13))?
-1
What is the value of -4 + 6 + (4 + -7 - (-4 - 13))?
16
What is the value of -6 - ((0 - -2) + -14)?
6
What is the value of -4 + (-14 - -20) + -12?
-10
Calculate (-1 - 4) + -5 - (-127 + 119).
-2
-18 + -16 + 5 + (1 - 1 - -4)
-25
1 + 15 + -1 + 4 + 13 + -20
12
Evaluate 23 + -19 + (8 - (8 + 28 - -2)).
-26
Calculate -133 + 96 - (-49 + -2).
14
-3 - -7 - -3 - 8 - (5 - 21)
15
Calculate -4 + (10 - 4) + 7 + 0.
9
Calculate (-14 - -7) + -3 + -3.
-13
What is the value of 6 - (-1 - (-8 + 0))?
-1
What is the value of 6 - (-14 - (6 + -4 + -9))?
13
What is the value of 30 + -60 + 61 + (1 - 2) + -9?
21
What is (17 - 6) + -24 + -8?
-21
What is (4 - -7) + (2 - 2 - 4)?
7
-105 - -94 - (-2 + -4 - -2 - -1)
-8
What is -15 + 3 + 11 + 2 - -13?
14
What is -9 + (15 - (8 + -6)) + -9?
-5
Calculate (-3 - 3 - -2 - -2) + 9 + -15.
-8
Calculate (3 + 7 - -1) + -16 + (-8 - -1).
-12
What is ((-1 + 10 - -26) + 0 - 4) + -8?
23
(27 - 14 - 31) + 9
-9
-11 + (66 - (34 - 8))
29
Calculate 7 - ((-34 - -16) + 18).
7
-7 + 11 + 0 - (-8 + 1)
11
What is the value of -1 + (5 - (-6 + 2))?
8
Calculate 4 + 8 + -14 - -1.
-1
Calculate -452 - -448 - (-34 - 0).
30
What is (0 - -14) + 291 + -292?
13
What is the value of 39 + (13 - 5) + -41?
6
Calculate -7 + -18 + 0 + 21.
-4
What is the value of -1 - -14 - (-41 + 53)?
1
(-452 - -469) + -10 + (-1 - -2)
8
What is the value of -2 + (2 - (8 - -5 - 6))?
-7
What is the value of -15 + (1 - (5 + -12)) - (15 - 12)?
-10
What is -19 + 18 + 4 + -11?
-8
What is -42 - ((-42 - -40) + -54)?
14
Evaluate -7 - ((10 - 1 - 10) + -4).
-2
What is the value of -14 + (47 - (4 - -4))?
25
What is the value of 15 - (-7 - (-17 + 9))?
14
(2 - 10) + 19 - (11 + -24)
24
Evaluate (-16 - (-14 - -9)) + 3.
-8
(-8 - 2) + -15 + -6 + 18
-13
What is the value of -232 + 199 - (1 - 56)?
22
-1 + -15 + 30 + -27
-13
Calculate (4 - (-2 + 4)) + (14 - 2) + -11.
3
What is 9 - (31 + -21 + 20)?
-21
W